{"id":32,"date":"2025-12-28T16:47:21","date_gmt":"2025-12-28T15:47:21","guid":{"rendered":"https:\/\/jasmin.zitcloud.ch\/?page_id=32"},"modified":"2026-01-13T15:53:10","modified_gmt":"2026-01-13T14:53:10","slug":"location-und-anreise","status":"publish","type":"page","link":"https:\/\/hochzeit-david-jasmin-2026.ch\/?page_id=32","title":{"rendered":"Location und Anreise"},"content":{"rendered":"\t\t<div data-elementor-type=\"wp-page\" data-elementor-id=\"32\" class=\"elementor elementor-32\">\n\t\t\t\t<div class=\"elementor-element elementor-element-3e46b66b e-flex e-con-boxed e-con e-parent\" data-id=\"3e46b66b\" data-element_type=\"container\" data-e-type=\"container\">\n\t\t\t\t\t<div class=\"e-con-inner\">\n\t\t<div class=\"elementor-element elementor-element-3769846 e-con-full e-flex e-con e-child\" data-id=\"3769846\" data-element_type=\"container\" data-e-type=\"container\">\n\t\t\t\t<div class=\"elementor-element elementor-element-ed58eb0 elementor-widget elementor-widget-heading\" data-id=\"ed58eb0\" data-element_type=\"widget\" data-e-type=\"widget\" data-widget_type=\"heading.default\">\n\t\t\t\t\t<h2 class=\"elementor-heading-title elementor-size-default\">Location und Anreise<\/h2>\t\t\t\t<\/div>\n\t\t\t\t<div class=\"elementor-element elementor-element-01f4169 elementor-widget elementor-widget-image\" data-id=\"01f4169\" data-element_type=\"widget\" data-e-type=\"widget\" data-widget_type=\"image.default\">\n\t\t\t\t\t\t\t\t\t\t\t\t\t\t\t<img fetchpriority=\"high\" decoding=\"async\" width=\"920\" height=\"688\" src=\"https:\/\/hochzeit-david-jasmin-2026.ch\/wp-content\/uploads\/2026\/01\/Muehlesaal-1024x766-1.webp\" class=\"attachment-large size-large wp-image-133\" alt=\"\" srcset=\"https:\/\/hochzeit-david-jasmin-2026.ch\/wp-content\/uploads\/2026\/01\/Muehlesaal-1024x766-1.webp 1024w, https:\/\/hochzeit-david-jasmin-2026.ch\/wp-content\/uploads\/2026\/01\/Muehlesaal-1024x766-1-300x224.webp 300w, https:\/\/hochzeit-david-jasmin-2026.ch\/wp-content\/uploads\/2026\/01\/Muehlesaal-1024x766-1-768x575.webp 768w, https:\/\/hochzeit-david-jasmin-2026.ch\/wp-content\/uploads\/2026\/01\/Muehlesaal-1024x766-1-124x93.webp 124w\" sizes=\"(max-width: 920px) 100vw, 920px\" \/>\t\t\t\t\t\t\t\t\t\t\t\t\t\t\t<\/div>\n\t\t\t\t<\/div>\n\t\t\t\t<div class=\"elementor-element elementor-element-466848ca elementor-widget elementor-widget-text-editor\" data-id=\"466848ca\" data-element_type=\"widget\" data-e-type=\"widget\" data-widget_type=\"text-editor.default\">\n\t\t\t\t\t\t\t\t\t<p>Wir feiern unsere freie Trauung im M\u00fchlerama in Seon. Es kann sowohl mit dem Auto wie auch mit den \u00f6ffentlichen Verkehrsmitteln erreicht werden. Da es an der Location nur begrenzte Parkplatzm\u00f6glichkeiten hat, bitten wir darum Fahrgemeinschaften zu bilden oder mit den \u00f6ffentlichen Verkehrsmitteln anzureisen.<\/p><p>Adresse: M\u00fchlerama Seon, Unterdorfstrasse 50, 5703 Seon<span style=\"font-size: 1.3125rem;\">\u00a0<\/span><\/p><p><!-- \/wp:paragraph --><!-- wp:paragraph --><\/p><p>Weitere Informationen zur Anreise findet ihr hier:<\/p><p><!-- \/wp:file --><\/p>\t\t\t\t\t\t\t\t<\/div>\n\t\t\t\t\t<\/div>\n\t\t\t\t<\/div>\n\t\t<div class=\"elementor-element elementor-element-9f1e5db e-flex e-con-boxed e-con e-parent\" data-id=\"9f1e5db\" data-element_type=\"container\" data-e-type=\"container\">\n\t\t\t\t\t<div class=\"e-con-inner\">\n\t\t\t\t<div class=\"elementor-element elementor-element-99aa64e elementor-widget elementor-widget-image\" data-id=\"99aa64e\" data-element_type=\"widget\" data-e-type=\"widget\" data-widget_type=\"image.default\">\n\t\t\t\t\t\t\t\t\t\t\t\t\t\t\t<img decoding=\"async\" width=\"683\" height=\"1014\" src=\"https:\/\/hochzeit-david-jasmin-2026.ch\/wp-content\/uploads\/2026\/01\/Anfahrt_Parkplaetze.png\" class=\"attachment-large size-large wp-image-142\" alt=\"\" srcset=\"https:\/\/hochzeit-david-jasmin-2026.ch\/wp-content\/uploads\/2026\/01\/Anfahrt_Parkplaetze.png 683w, https:\/\/hochzeit-david-jasmin-2026.ch\/wp-content\/uploads\/2026\/01\/Anfahrt_Parkplaetze-202x300.png 202w\" sizes=\"(max-width: 683px) 100vw, 683px\" \/>\t\t\t\t\t\t\t\t\t\t\t\t\t\t\t<\/div>\n\t\t\t\t\t<\/div>\n\t\t\t\t<\/div>\n\t\t\t\t<\/div>\n\t\t","protected":false},"excerpt":{"rendered":"<p>Location und Anreise Wir feiern unsere freie Trauung im M\u00fchlerama in Seon. Es kann sowohl mit dem Auto wie auch mit den \u00f6ffentlichen Verkehrsmitteln erreicht werden. Da es an der<\/p>\n<p class=\"more-link\"><a href=\"https:\/\/hochzeit-david-jasmin-2026.ch\/?page_id=32\" class=\"readmore\">Continue reading<svg class=\"icon icon-arrow-right\" aria-hidden=\"true\" role=\"img\"> <use href=\"#icon-arrow-right\" xlink:href=\"#icon-arrow-right\"><\/use> <\/svg><span class=\"screen-reader-text\">Location und Anreise<\/span><\/a><\/p>\n","protected":false},"author":2,"featured_media":0,"parent":0,"menu_order":0,"comment_status":"closed","ping_status":"closed","template":"","meta":{"footnotes":""},"class_list":["post-32","page","type-page","status-publish","hentry"],"_links":{"self":[{"href":"https:\/\/hochzeit-david-jasmin-2026.ch\/index.php?rest_route=\/wp\/v2\/pages\/32","targetHints":{"allow":["GET"]}}],"collection":[{"href":"https:\/\/hochzeit-david-jasmin-2026.ch\/index.php?rest_route=\/wp\/v2\/pages"}],"about":[{"href":"https:\/\/hochzeit-david-jasmin-2026.ch\/index.php?rest_route=\/wp\/v2\/types\/page"}],"author":[{"embeddable":true,"href":"https:\/\/hochzeit-david-jasmin-2026.ch\/index.php?rest_route=\/wp\/v2\/users\/2"}],"replies":[{"embeddable":true,"href":"https:\/\/hochzeit-david-jasmin-2026.ch\/index.php?rest_route=%2Fwp%2Fv2%2Fcomments&post=32"}],"version-history":[{"count":26,"href":"https:\/\/hochzeit-david-jasmin-2026.ch\/index.php?rest_route=\/wp\/v2\/pages\/32\/revisions"}],"predecessor-version":[{"id":313,"href":"https:\/\/hochzeit-david-jasmin-2026.ch\/index.php?rest_route=\/wp\/v2\/pages\/32\/revisions\/313"}],"wp:attachment":[{"href":"https:\/\/hochzeit-david-jasmin-2026.ch\/index.php?rest_route=%2Fwp%2Fv2%2Fmedia&parent=32"}],"curies":[{"name":"wp","href":"https:\/\/api.w.org\/{rel}","templated":true}]}}