{"id":24,"date":"2025-12-28T16:31:18","date_gmt":"2025-12-28T15:31:18","guid":{"rendered":"https:\/\/jasmin.zitcloud.ch\/?page_id=24"},"modified":"2026-01-13T15:49:38","modified_gmt":"2026-01-13T14:49:38","slug":"ueber-uns","status":"publish","type":"page","link":"https:\/\/hochzeit-david-jasmin-2026.ch\/?page_id=24","title":{"rendered":"\u00dcber uns"},"content":{"rendered":"\t\t<div data-elementor-type=\"wp-page\" data-elementor-id=\"24\" class=\"elementor elementor-24\">\n\t\t\t\t<div class=\"elementor-element elementor-element-9c20808 e-flex e-con-boxed e-con e-parent\" data-id=\"9c20808\" data-element_type=\"container\" data-e-type=\"container\">\n\t\t\t\t\t<div class=\"e-con-inner\">\n\t\t\t\t<div class=\"elementor-element elementor-element-0ed2821 elementor-arrows-position-inside elementor-pagination-position-outside elementor-widget elementor-widget-image-carousel\" data-id=\"0ed2821\" data-element_type=\"widget\" data-e-type=\"widget\" data-settings=\"{&quot;navigation&quot;:&quot;both&quot;,&quot;autoplay&quot;:&quot;yes&quot;,&quot;pause_on_hover&quot;:&quot;yes&quot;,&quot;pause_on_interaction&quot;:&quot;yes&quot;,&quot;autoplay_speed&quot;:5000,&quot;infinite&quot;:&quot;yes&quot;,&quot;speed&quot;:500}\" data-widget_type=\"image-carousel.default\">\n\t\t\t\t\t\t\t<div class=\"elementor-image-carousel-wrapper swiper\" role=\"region\" aria-roledescription=\"carousel\" aria-label=\"Bild Karussell\" dir=\"ltr\">\n\t\t\t<div class=\"elementor-image-carousel swiper-wrapper\" aria-live=\"off\">\n\t\t\t\t\t\t\t\t<div class=\"swiper-slide\" role=\"group\" aria-roledescription=\"slide\" aria-label=\"1 of 15\"><a data-elementor-open-lightbox=\"yes\" data-elementor-lightbox-slideshow=\"0ed2821\" data-elementor-lightbox-title=\"DSC_1101\" data-e-action-hash=\"#elementor-action%3Aaction%3Dlightbox%26settings%3DeyJpZCI6NzMsInVybCI6Imh0dHBzOlwvXC9ob2NoemVpdC1kYXZpZC1qYXNtaW4tMjAyNi5jaFwvd3AtY29udGVudFwvdXBsb2Fkc1wvMjAyNlwvMDFcL0RTQ18xMTAxLXNjYWxlZC5qcGciLCJzbGlkZXNob3ciOiIwZWQyODIxIn0%3D\" href=\"https:\/\/hochzeit-david-jasmin-2026.ch\/wp-content\/uploads\/2026\/01\/DSC_1101-scaled.jpg\"><figure class=\"swiper-slide-inner\"><img decoding=\"async\" class=\"swiper-slide-image\" src=\"https:\/\/hochzeit-david-jasmin-2026.ch\/wp-content\/uploads\/2026\/01\/DSC_1101-150x150.jpg\" alt=\"DSC_1101\" \/><\/figure><\/a><\/div><div class=\"swiper-slide\" role=\"group\" aria-roledescription=\"slide\" aria-label=\"2 of 15\"><a data-elementor-open-lightbox=\"yes\" data-elementor-lightbox-slideshow=\"0ed2821\" data-elementor-lightbox-title=\"Bild_Webseite Kleiner_06\" data-e-action-hash=\"#elementor-action%3Aaction%3Dlightbox%26settings%3DeyJpZCI6NjMsInVybCI6Imh0dHBzOlwvXC9ob2NoemVpdC1kYXZpZC1qYXNtaW4tMjAyNi5jaFwvd3AtY29udGVudFwvdXBsb2Fkc1wvMjAyNlwvMDFcL0JpbGRfV2Vic2VpdGUtS2xlaW5lcl8wNi5wbmciLCJzbGlkZXNob3ciOiIwZWQyODIxIn0%3D\" href=\"https:\/\/hochzeit-david-jasmin-2026.ch\/wp-content\/uploads\/2026\/01\/Bild_Webseite-Kleiner_06.png\"><figure class=\"swiper-slide-inner\"><img decoding=\"async\" class=\"swiper-slide-image\" src=\"https:\/\/hochzeit-david-jasmin-2026.ch\/wp-content\/uploads\/2026\/01\/Bild_Webseite-Kleiner_06-150x150.png\" alt=\"Bild_Webseite Kleiner_06\" \/><\/figure><\/a><\/div><div class=\"swiper-slide\" role=\"group\" aria-roledescription=\"slide\" aria-label=\"3 of 15\"><a data-elementor-open-lightbox=\"yes\" data-elementor-lightbox-slideshow=\"0ed2821\" data-elementor-lightbox-title=\"Bild_Webseite_kleiner_14\" data-e-action-hash=\"#elementor-action%3Aaction%3Dlightbox%26settings%3DeyJpZCI6NzAsInVybCI6Imh0dHBzOlwvXC9ob2NoemVpdC1kYXZpZC1qYXNtaW4tMjAyNi5jaFwvd3AtY29udGVudFwvdXBsb2Fkc1wvMjAyNlwvMDFcL0JpbGRfV2Vic2VpdGVfa2xlaW5lcl8xNC5wbmciLCJzbGlkZXNob3ciOiIwZWQyODIxIn0%3D\" href=\"https:\/\/hochzeit-david-jasmin-2026.ch\/wp-content\/uploads\/2026\/01\/Bild_Webseite_kleiner_14.png\"><figure class=\"swiper-slide-inner\"><img decoding=\"async\" class=\"swiper-slide-image\" src=\"https:\/\/hochzeit-david-jasmin-2026.ch\/wp-content\/uploads\/2026\/01\/Bild_Webseite_kleiner_14-150x150.png\" alt=\"Bild_Webseite_kleiner_14\" \/><\/figure><\/a><\/div><div class=\"swiper-slide\" role=\"group\" aria-roledescription=\"slide\" aria-label=\"4 of 15\"><a data-elementor-open-lightbox=\"yes\" data-elementor-lightbox-slideshow=\"0ed2821\" data-elementor-lightbox-title=\"Bild_Webseite_kleiner 09\" data-e-action-hash=\"#elementor-action%3Aaction%3Dlightbox%26settings%3DeyJpZCI6NjQsInVybCI6Imh0dHBzOlwvXC9ob2NoemVpdC1kYXZpZC1qYXNtaW4tMjAyNi5jaFwvd3AtY29udGVudFwvdXBsb2Fkc1wvMjAyNlwvMDFcL0JpbGRfV2Vic2VpdGVfa2xlaW5lci0wOS5wbmciLCJzbGlkZXNob3ciOiIwZWQyODIxIn0%3D\" href=\"https:\/\/hochzeit-david-jasmin-2026.ch\/wp-content\/uploads\/2026\/01\/Bild_Webseite_kleiner-09.png\"><figure class=\"swiper-slide-inner\"><img decoding=\"async\" class=\"swiper-slide-image\" src=\"https:\/\/hochzeit-david-jasmin-2026.ch\/wp-content\/uploads\/2026\/01\/Bild_Webseite_kleiner-09-150x150.png\" alt=\"Bild_Webseite_kleiner 09\" \/><\/figure><\/a><\/div><div class=\"swiper-slide\" role=\"group\" aria-roledescription=\"slide\" aria-label=\"5 of 15\"><a data-elementor-open-lightbox=\"yes\" data-elementor-lightbox-slideshow=\"0ed2821\" data-elementor-lightbox-title=\"Bild_Webseite kleiner_03\" data-e-action-hash=\"#elementor-action%3Aaction%3Dlightbox%26settings%3DeyJpZCI6NjAsInVybCI6Imh0dHBzOlwvXC9ob2NoemVpdC1kYXZpZC1qYXNtaW4tMjAyNi5jaFwvd3AtY29udGVudFwvdXBsb2Fkc1wvMjAyNlwvMDFcL0JpbGRfV2Vic2VpdGUta2xlaW5lcl8wMy5wbmciLCJzbGlkZXNob3ciOiIwZWQyODIxIn0%3D\" href=\"https:\/\/hochzeit-david-jasmin-2026.ch\/wp-content\/uploads\/2026\/01\/Bild_Webseite-kleiner_03.png\"><figure class=\"swiper-slide-inner\"><img decoding=\"async\" class=\"swiper-slide-image\" src=\"https:\/\/hochzeit-david-jasmin-2026.ch\/wp-content\/uploads\/2026\/01\/Bild_Webseite-kleiner_03-150x150.png\" alt=\"Bild_Webseite kleiner_03\" \/><\/figure><\/a><\/div><div class=\"swiper-slide\" role=\"group\" aria-roledescription=\"slide\" aria-label=\"6 of 15\"><a data-elementor-open-lightbox=\"yes\" data-elementor-lightbox-slideshow=\"0ed2821\" data-elementor-lightbox-title=\"Bild_Webseite kleiner_02\" data-e-action-hash=\"#elementor-action%3Aaction%3Dlightbox%26settings%3DeyJpZCI6NTksInVybCI6Imh0dHBzOlwvXC9ob2NoemVpdC1kYXZpZC1qYXNtaW4tMjAyNi5jaFwvd3AtY29udGVudFwvdXBsb2Fkc1wvMjAyNlwvMDFcL0JpbGRfV2Vic2VpdGUta2xlaW5lcl8wMi5wbmciLCJzbGlkZXNob3ciOiIwZWQyODIxIn0%3D\" href=\"https:\/\/hochzeit-david-jasmin-2026.ch\/wp-content\/uploads\/2026\/01\/Bild_Webseite-kleiner_02.png\"><figure class=\"swiper-slide-inner\"><img decoding=\"async\" class=\"swiper-slide-image\" src=\"https:\/\/hochzeit-david-jasmin-2026.ch\/wp-content\/uploads\/2026\/01\/Bild_Webseite-kleiner_02-150x150.png\" alt=\"Bild_Webseite kleiner_02\" \/><\/figure><\/a><\/div><div class=\"swiper-slide\" role=\"group\" aria-roledescription=\"slide\" aria-label=\"7 of 15\"><a data-elementor-open-lightbox=\"yes\" data-elementor-lightbox-slideshow=\"0ed2821\" data-elementor-lightbox-title=\"Bild_Webseite_kleiner_16\" data-e-action-hash=\"#elementor-action%3Aaction%3Dlightbox%26settings%3DeyJpZCI6NzIsInVybCI6Imh0dHBzOlwvXC9ob2NoemVpdC1kYXZpZC1qYXNtaW4tMjAyNi5jaFwvd3AtY29udGVudFwvdXBsb2Fkc1wvMjAyNlwvMDFcL0JpbGRfV2Vic2VpdGVfa2xlaW5lcl8xNi5wbmciLCJzbGlkZXNob3ciOiIwZWQyODIxIn0%3D\" href=\"https:\/\/hochzeit-david-jasmin-2026.ch\/wp-content\/uploads\/2026\/01\/Bild_Webseite_kleiner_16.png\"><figure class=\"swiper-slide-inner\"><img decoding=\"async\" class=\"swiper-slide-image\" src=\"https:\/\/hochzeit-david-jasmin-2026.ch\/wp-content\/uploads\/2026\/01\/Bild_Webseite_kleiner_16-150x150.png\" alt=\"Bild_Webseite_kleiner_16\" \/><\/figure><\/a><\/div><div class=\"swiper-slide\" role=\"group\" aria-roledescription=\"slide\" aria-label=\"8 of 15\"><a data-elementor-open-lightbox=\"yes\" data-elementor-lightbox-slideshow=\"0ed2821\" data-elementor-lightbox-title=\"Bild_Webseite_kleiner_07\" data-e-action-hash=\"#elementor-action%3Aaction%3Dlightbox%26settings%3DeyJpZCI6NjUsInVybCI6Imh0dHBzOlwvXC9ob2NoemVpdC1kYXZpZC1qYXNtaW4tMjAyNi5jaFwvd3AtY29udGVudFwvdXBsb2Fkc1wvMjAyNlwvMDFcL0JpbGRfV2Vic2VpdGVfa2xlaW5lcl8wNy5wbmciLCJzbGlkZXNob3ciOiIwZWQyODIxIn0%3D\" href=\"https:\/\/hochzeit-david-jasmin-2026.ch\/wp-content\/uploads\/2026\/01\/Bild_Webseite_kleiner_07.png\"><figure class=\"swiper-slide-inner\"><img decoding=\"async\" class=\"swiper-slide-image\" src=\"https:\/\/hochzeit-david-jasmin-2026.ch\/wp-content\/uploads\/2026\/01\/Bild_Webseite_kleiner_07-150x150.png\" alt=\"Bild_Webseite_kleiner_07\" \/><\/figure><\/a><\/div><div class=\"swiper-slide\" role=\"group\" aria-roledescription=\"slide\" aria-label=\"9 of 15\"><a data-elementor-open-lightbox=\"yes\" data-elementor-lightbox-slideshow=\"0ed2821\" data-elementor-lightbox-title=\"Bild_Webseite_kleiner_11\" data-e-action-hash=\"#elementor-action%3Aaction%3Dlightbox%26settings%3DeyJpZCI6NjIsInVybCI6Imh0dHBzOlwvXC9ob2NoemVpdC1kYXZpZC1qYXNtaW4tMjAyNi5jaFwvd3AtY29udGVudFwvdXBsb2Fkc1wvMjAyNlwvMDFcL0JpbGRfV2Vic2VpdGVfa2xlaW5lcl8xMS5wbmciLCJzbGlkZXNob3ciOiIwZWQyODIxIn0%3D\" href=\"https:\/\/hochzeit-david-jasmin-2026.ch\/wp-content\/uploads\/2026\/01\/Bild_Webseite_kleiner_11.png\"><figure class=\"swiper-slide-inner\"><img decoding=\"async\" class=\"swiper-slide-image\" src=\"https:\/\/hochzeit-david-jasmin-2026.ch\/wp-content\/uploads\/2026\/01\/Bild_Webseite_kleiner_11-150x150.png\" alt=\"Bild_Webseite_kleiner_11\" \/><\/figure><\/a><\/div><div class=\"swiper-slide\" role=\"group\" aria-roledescription=\"slide\" aria-label=\"10 of 15\"><a data-elementor-open-lightbox=\"yes\" data-elementor-lightbox-slideshow=\"0ed2821\" data-elementor-lightbox-title=\"Bild_Webseite_kleiner_08\" data-e-action-hash=\"#elementor-action%3Aaction%3Dlightbox%26settings%3DeyJpZCI6NjYsInVybCI6Imh0dHBzOlwvXC9ob2NoemVpdC1kYXZpZC1qYXNtaW4tMjAyNi5jaFwvd3AtY29udGVudFwvdXBsb2Fkc1wvMjAyNlwvMDFcL0JpbGRfV2Vic2VpdGVfa2xlaW5lcl8wOC5wbmciLCJzbGlkZXNob3ciOiIwZWQyODIxIn0%3D\" href=\"https:\/\/hochzeit-david-jasmin-2026.ch\/wp-content\/uploads\/2026\/01\/Bild_Webseite_kleiner_08.png\"><figure class=\"swiper-slide-inner\"><img decoding=\"async\" class=\"swiper-slide-image\" src=\"https:\/\/hochzeit-david-jasmin-2026.ch\/wp-content\/uploads\/2026\/01\/Bild_Webseite_kleiner_08-150x150.png\" alt=\"Bild_Webseite_kleiner_08\" \/><\/figure><\/a><\/div><div class=\"swiper-slide\" role=\"group\" aria-roledescription=\"slide\" aria-label=\"11 of 15\"><a data-elementor-open-lightbox=\"yes\" data-elementor-lightbox-slideshow=\"0ed2821\" data-elementor-lightbox-title=\"Bild_Webseite_kleiner_10\" data-e-action-hash=\"#elementor-action%3Aaction%3Dlightbox%26settings%3DeyJpZCI6NjcsInVybCI6Imh0dHBzOlwvXC9ob2NoemVpdC1kYXZpZC1qYXNtaW4tMjAyNi5jaFwvd3AtY29udGVudFwvdXBsb2Fkc1wvMjAyNlwvMDFcL0JpbGRfV2Vic2VpdGVfa2xlaW5lcl8xMC5wbmciLCJzbGlkZXNob3ciOiIwZWQyODIxIn0%3D\" href=\"https:\/\/hochzeit-david-jasmin-2026.ch\/wp-content\/uploads\/2026\/01\/Bild_Webseite_kleiner_10.png\"><figure class=\"swiper-slide-inner\"><img decoding=\"async\" class=\"swiper-slide-image\" src=\"https:\/\/hochzeit-david-jasmin-2026.ch\/wp-content\/uploads\/2026\/01\/Bild_Webseite_kleiner_10-150x150.png\" alt=\"Bild_Webseite_kleiner_10\" \/><\/figure><\/a><\/div><div class=\"swiper-slide\" role=\"group\" aria-roledescription=\"slide\" aria-label=\"12 of 15\"><a data-elementor-open-lightbox=\"yes\" data-elementor-lightbox-slideshow=\"0ed2821\" data-elementor-lightbox-title=\"Bild_Webseite_kleiner_12\" data-e-action-hash=\"#elementor-action%3Aaction%3Dlightbox%26settings%3DeyJpZCI6NjgsInVybCI6Imh0dHBzOlwvXC9ob2NoemVpdC1kYXZpZC1qYXNtaW4tMjAyNi5jaFwvd3AtY29udGVudFwvdXBsb2Fkc1wvMjAyNlwvMDFcL0JpbGRfV2Vic2VpdGVfa2xlaW5lcl8xMi5wbmciLCJzbGlkZXNob3ciOiIwZWQyODIxIn0%3D\" href=\"https:\/\/hochzeit-david-jasmin-2026.ch\/wp-content\/uploads\/2026\/01\/Bild_Webseite_kleiner_12.png\"><figure class=\"swiper-slide-inner\"><img decoding=\"async\" class=\"swiper-slide-image\" src=\"https:\/\/hochzeit-david-jasmin-2026.ch\/wp-content\/uploads\/2026\/01\/Bild_Webseite_kleiner_12-150x150.png\" alt=\"Bild_Webseite_kleiner_12\" \/><\/figure><\/a><\/div><div class=\"swiper-slide\" role=\"group\" aria-roledescription=\"slide\" aria-label=\"13 of 15\"><a data-elementor-open-lightbox=\"yes\" data-elementor-lightbox-slideshow=\"0ed2821\" data-elementor-lightbox-title=\"Bild_Webseite_kleiner_15\" data-e-action-hash=\"#elementor-action%3Aaction%3Dlightbox%26settings%3DeyJpZCI6NzEsInVybCI6Imh0dHBzOlwvXC9ob2NoemVpdC1kYXZpZC1qYXNtaW4tMjAyNi5jaFwvd3AtY29udGVudFwvdXBsb2Fkc1wvMjAyNlwvMDFcL0JpbGRfV2Vic2VpdGVfa2xlaW5lcl8xNS5wbmciLCJzbGlkZXNob3ciOiIwZWQyODIxIn0%3D\" href=\"https:\/\/hochzeit-david-jasmin-2026.ch\/wp-content\/uploads\/2026\/01\/Bild_Webseite_kleiner_15.png\"><figure class=\"swiper-slide-inner\"><img decoding=\"async\" class=\"swiper-slide-image\" src=\"https:\/\/hochzeit-david-jasmin-2026.ch\/wp-content\/uploads\/2026\/01\/Bild_Webseite_kleiner_15-150x150.png\" alt=\"Bild_Webseite_kleiner_15\" \/><\/figure><\/a><\/div><div class=\"swiper-slide\" role=\"group\" aria-roledescription=\"slide\" aria-label=\"14 of 15\"><a data-elementor-open-lightbox=\"yes\" data-elementor-lightbox-slideshow=\"0ed2821\" data-elementor-lightbox-title=\"Bild_Webseite_kleiner_13\" data-e-action-hash=\"#elementor-action%3Aaction%3Dlightbox%26settings%3DeyJpZCI6NjksInVybCI6Imh0dHBzOlwvXC9ob2NoemVpdC1kYXZpZC1qYXNtaW4tMjAyNi5jaFwvd3AtY29udGVudFwvdXBsb2Fkc1wvMjAyNlwvMDFcL0JpbGRfV2Vic2VpdGVfa2xlaW5lcl8xMy5wbmciLCJzbGlkZXNob3ciOiIwZWQyODIxIn0%3D\" href=\"https:\/\/hochzeit-david-jasmin-2026.ch\/wp-content\/uploads\/2026\/01\/Bild_Webseite_kleiner_13.png\"><figure class=\"swiper-slide-inner\"><img decoding=\"async\" class=\"swiper-slide-image\" src=\"https:\/\/hochzeit-david-jasmin-2026.ch\/wp-content\/uploads\/2026\/01\/Bild_Webseite_kleiner_13-150x150.png\" alt=\"Bild_Webseite_kleiner_13\" \/><\/figure><\/a><\/div><div class=\"swiper-slide\" role=\"group\" aria-roledescription=\"slide\" aria-label=\"15 of 15\"><a data-elementor-open-lightbox=\"yes\" data-elementor-lightbox-slideshow=\"0ed2821\" data-elementor-lightbox-title=\"Bild_Webseite kleiner_05\" data-e-action-hash=\"#elementor-action%3Aaction%3Dlightbox%26settings%3DeyJpZCI6NjEsInVybCI6Imh0dHBzOlwvXC9ob2NoemVpdC1kYXZpZC1qYXNtaW4tMjAyNi5jaFwvd3AtY29udGVudFwvdXBsb2Fkc1wvMjAyNlwvMDFcL0JpbGRfV2Vic2VpdGUta2xlaW5lcl8wNS5wbmciLCJzbGlkZXNob3ciOiIwZWQyODIxIn0%3D\" href=\"https:\/\/hochzeit-david-jasmin-2026.ch\/wp-content\/uploads\/2026\/01\/Bild_Webseite-kleiner_05.png\"><figure class=\"swiper-slide-inner\"><img decoding=\"async\" class=\"swiper-slide-image\" src=\"https:\/\/hochzeit-david-jasmin-2026.ch\/wp-content\/uploads\/2026\/01\/Bild_Webseite-kleiner_05-150x150.png\" alt=\"Bild_Webseite kleiner_05\" \/><\/figure><\/a><\/div>\t\t\t<\/div>\n\t\t\t\t\t\t\t\t\t\t\t\t<div class=\"elementor-swiper-button elementor-swiper-button-prev\" role=\"button\" tabindex=\"0\">\n\t\t\t\t\t\t<svg aria-hidden=\"true\" class=\"e-font-icon-svg e-eicon-chevron-left\" viewBox=\"0 0 1000 1000\" xmlns=\"http:\/\/www.w3.org\/2000\/svg\"><path d=\"M646 125C629 125 613 133 604 142L308 442C296 454 292 471 292 487 292 504 296 521 308 533L604 854C617 867 629 875 646 875 663 875 679 871 692 858 704 846 713 829 713 812 713 796 708 779 692 767L438 487 692 225C700 217 708 204 708 187 708 171 704 154 692 142 675 129 663 125 646 125Z\"><\/path><\/svg>\t\t\t\t\t<\/div>\n\t\t\t\t\t<div class=\"elementor-swiper-button elementor-swiper-button-next\" role=\"button\" tabindex=\"0\">\n\t\t\t\t\t\t<svg aria-hidden=\"true\" class=\"e-font-icon-svg e-eicon-chevron-right\" viewBox=\"0 0 1000 1000\" xmlns=\"http:\/\/www.w3.org\/2000\/svg\"><path d=\"M696 533C708 521 713 504 713 487 713 471 708 454 696 446L400 146C388 133 375 125 354 125 338 125 325 129 313 142 300 154 292 171 292 187 292 204 296 221 308 233L563 492 304 771C292 783 288 800 288 817 288 833 296 850 308 863 321 871 338 875 354 875 371 875 388 867 400 854L696 533Z\"><\/path><\/svg>\t\t\t\t\t<\/div>\n\t\t\t\t\n\t\t\t\t\t\t\t\t\t<div class=\"swiper-pagination\"><\/div>\n\t\t\t\t\t\t\t\t\t<\/div>\n\t\t\t\t\t\t<\/div>\n\t\t\t\t\t<\/div>\n\t\t\t\t<\/div>\n\t\t<div class=\"elementor-element elementor-element-e412d5d e-flex e-con-boxed e-con e-parent\" data-id=\"e412d5d\" data-element_type=\"container\" data-e-type=\"container\">\n\t\t\t\t\t<div class=\"e-con-inner\">\n\t\t\t\t<div class=\"elementor-element elementor-element-3dcc5b4 elementor-widget elementor-widget-heading\" data-id=\"3dcc5b4\" data-element_type=\"widget\" data-e-type=\"widget\" data-widget_type=\"heading.default\">\n\t\t\t\t\t<h2 class=\"elementor-heading-title elementor-size-default\">Steckbrief \u00fcber ihn...<\/h2>\t\t\t\t<\/div>\n\t\t\t\t\t<\/div>\n\t\t\t\t<\/div>\n\t\t<div class=\"elementor-element elementor-element-0a825e7 e-flex e-con-boxed e-con e-parent\" data-id=\"0a825e7\" data-element_type=\"container\" data-e-type=\"container\">\n\t\t\t\t\t<div class=\"e-con-inner\">\n\t\t<div class=\"elementor-element elementor-element-8ad0dd8 e-con-full e-flex e-con e-child\" data-id=\"8ad0dd8\" data-element_type=\"container\" data-e-type=\"container\">\n\t\t\t\t<div class=\"elementor-element elementor-element-82b02ca elementor-widget elementor-widget-text-editor\" data-id=\"82b02ca\" data-element_type=\"widget\" data-e-type=\"widget\" data-widget_type=\"text-editor.default\">\n\t\t\t\t\t\t\t\t\t<p>Name: David \/ Fitti<\/p><p>Alter: Irgendetwas zwischen dreissig und vierzig, je nachdem wie der vorherige Abend war<\/p><p>Beruf: Teamleiter Instandhaltung, wenn&#8217;s nicht l\u00e4uft, l\u00e4uft&#8217;s nach ihm wieder<\/p><p>Auto: Jeep, what else?<\/p><p>Davids Talentliste aus Jasmins Sicht: Heimwerker-Allrounder, Ideen-Umsetzer (mit kleinen Abstrichen) und immer bereit f\u00fcr das n\u00e4chste gemeinsame Abenteuer<\/p><p>Jasmin&#8217;s gr\u00f6sste Herausforderung mit David: Sein sehr ausgepr\u00e4gter Ordnungssinn- gepaart mi einer Prise zu viel Perfektionismus \ud83d\ude09<\/p>\t\t\t\t\t\t\t\t<\/div>\n\t\t\t\t<\/div>\n\t\t\t\t<div class=\"elementor-element elementor-element-0f279b0 elementor-widget elementor-widget-heading\" data-id=\"0f279b0\" data-element_type=\"widget\" data-e-type=\"widget\" data-widget_type=\"heading.default\">\n\t\t\t\t\t<h2 class=\"elementor-heading-title elementor-size-default\">Steckbrief \u00fcber Sie...<\/h2>\t\t\t\t<\/div>\n\t\t\t\t\t<\/div>\n\t\t\t\t<\/div>\n\t\t<div class=\"elementor-element elementor-element-2e861b9 e-flex e-con-boxed e-con e-parent\" data-id=\"2e861b9\" data-element_type=\"container\" data-e-type=\"container\">\n\t\t\t\t\t<div class=\"e-con-inner\">\n\t\t\t\t<div class=\"elementor-element elementor-element-d04c08c elementor-widget elementor-widget-text-editor\" data-id=\"d04c08c\" data-element_type=\"widget\" data-e-type=\"widget\" data-widget_type=\"text-editor.default\">\n\t\t\t\t\t\t\t\t\t<p>Name: Jasmin<\/p><p>Alter: Noch n\u00e4her bei dreissig als bei vierzig<\/p><p>Beruf: Personalleiterin, mit Talent f\u00fcr Zahlen, Menschen und den t\u00e4glichen B\u00fcrowahnsinn<\/p><p>Auto: Ford fahren bis fort werfen \ud83d\ude42<\/p><p>Jasmins Talentliste aus Davids Sicht: Kreatives Gegenst\u00fcck zum manchmal pionierlosen Umsetzer, kein &#171;Stubenh\u00f6cker&#187; die gerne an gemeinsamen Erlebnissen teilnimmt<\/p><p>Davids gr\u00f6sste Herausforderung mit Jasmin: Chaotisch veranlagt, l\u00e4sst sich jedoch vom Ordnungsfanatiker zum Aufr\u00e4umen mitreissen \ud83d\ude09<\/p>\t\t\t\t\t\t\t\t<\/div>\n\t\t\t\t\t<\/div>\n\t\t\t\t<\/div>\n\t\t\t\t<\/div>\n\t\t","protected":false},"excerpt":{"rendered":"<p>Steckbrief \u00fcber ihn&#8230; Name: David \/ Fitti Alter: Irgendetwas zwischen dreissig und vierzig, je nachdem wie der vorherige Abend war Beruf: Teamleiter Instandhaltung, wenn&#8217;s nicht l\u00e4uft, l\u00e4uft&#8217;s nach ihm wieder<\/p>\n<p class=\"more-link\"><a href=\"https:\/\/hochzeit-david-jasmin-2026.ch\/?page_id=24\" class=\"readmore\">Continue reading<svg class=\"icon icon-arrow-right\" aria-hidden=\"true\" role=\"img\"> <use href=\"#icon-arrow-right\" xlink:href=\"#icon-arrow-right\"><\/use> <\/svg><span class=\"screen-reader-text\">\u00dcber uns<\/span><\/a><\/p>\n","protected":false},"author":2,"featured_media":0,"parent":0,"menu_order":0,"comment_status":"closed","ping_status":"closed","template":"","meta":{"footnotes":""},"class_list":["post-24","page","type-page","status-publish","hentry"],"_links":{"self":[{"href":"https:\/\/hochzeit-david-jasmin-2026.ch\/index.php?rest_route=\/wp\/v2\/pages\/24","targetHints":{"allow":["GET"]}}],"collection":[{"href":"https:\/\/hochzeit-david-jasmin-2026.ch\/index.php?rest_route=\/wp\/v2\/pages"}],"about":[{"href":"https:\/\/hochzeit-david-jasmin-2026.ch\/index.php?rest_route=\/wp\/v2\/types\/page"}],"author":[{"embeddable":true,"href":"https:\/\/hochzeit-david-jasmin-2026.ch\/index.php?rest_route=\/wp\/v2\/users\/2"}],"replies":[{"embeddable":true,"href":"https:\/\/hochzeit-david-jasmin-2026.ch\/index.php?rest_route=%2Fwp%2Fv2%2Fcomments&post=24"}],"version-history":[{"count":57,"href":"https:\/\/hochzeit-david-jasmin-2026.ch\/index.php?rest_route=\/wp\/v2\/pages\/24\/revisions"}],"predecessor-version":[{"id":307,"href":"https:\/\/hochzeit-david-jasmin-2026.ch\/index.php?rest_route=\/wp\/v2\/pages\/24\/revisions\/307"}],"wp:attachment":[{"href":"https:\/\/hochzeit-david-jasmin-2026.ch\/index.php?rest_route=%2Fwp%2Fv2%2Fmedia&parent=24"}],"curies":[{"name":"wp","href":"https:\/\/api.w.org\/{rel}","templated":true}]}}